{"id":441,"date":"2018-01-22T15:44:24","date_gmt":"2018-01-22T14:44:24","guid":{"rendered":"https:\/\/www.tirza-kirchner.de\/tierheilpraxis\/?page_id=441"},"modified":"2018-01-22T15:49:52","modified_gmt":"2018-01-22T14:49:52","slug":"preise-und-bedingungen","status":"publish","type":"page","link":"https:\/\/www.tirza-kirchner.de\/tierheilpraxis\/preise-und-bedingungen\/","title":{"rendered":"Preise und Bedingungen"},"content":{"rendered":"<p>Nutzen Sie unsere \u00dcberblicksseiten, um sich \u00fcber alle Rahmenbedingungen unserer Angebote f\u00fcr Tier und Tierbesitzer zu informieren:<\/p>\n<ul>\n<li><a href=\"https:\/\/www.tirza-kirchner.de\/tierheilpraxis\/behandlungen-und-therapien\/\">Behandlungen und Therapien<\/a><\/li>\n<li><a href=\"https:\/\/www.tirza-kirchner.de\/tierheilpraxis\/angebote-tirza-kirchner\/\">Tierkommunikation<\/a><\/li>\n<li><a href=\"https:\/\/www.tirza-kirchner.de\/tierheilpraxis\/tiersuche\/\">Tiersuche<\/a><\/li>\n<li><a href=\"https:\/\/www.tirza-kirchner.de\/tierheilpraxis\/anmeldung-zu-veranstaltungen\/\">Anmeldung zu Veranstaltungen<\/a><\/li>\n<\/ul>\n<p>Das Angebot von Tirza Kirchner f\u00fcr Menschen finden Sie auf den Seiten der\u00a0<a href=\"https:\/\/www.tirza-kirchner.de\/naturheilpraxis\/\">Naturheilpraxis<\/a>.<\/p>\n","protected":false},"excerpt":{"rendered":"<p>Nutzen Sie unsere \u00dcberblicksseiten, um sich \u00fcber alle Rahmenbedingungen unserer Angebote f\u00fcr Tier und Tierbesitzer zu informieren: Behandlungen und Therapien Tierkommunikation Tiersuche Anmeldung zu Veranstaltungen Das Angebot von Tirza Kirchner f\u00fcr Menschen finden Sie auf den Seiten der\u00a0Naturheilpraxis.<\/p>\n","protected":false},"author":1,"featured_media":0,"parent":0,"menu_order":0,"comment_status":"closed","ping_status":"closed","template":"","meta":{"generate_page_header":"","_mc_calendar":[],"footnotes":""},"class_list":["post-441","page","type-page","status-publish"],"yoast_head":"<!-- This site is optimized with the Yoast SEO plugin v27.4 - https:\/\/yoast.com\/product\/yoast-seo-wordpress\/ -->\n<title>Preise und Bedingungen - Tier<\/title>\n<meta name=\"robots\" content=\"index, follow, max-snippet:-1, max-image-preview:large, max-video-preview:-1\" \/>\n<link rel=\"canonical\" href=\"https:\/\/www.tirza-kirchner.de\/tierheilpraxis\/preise-und-bedingungen\/\" \/>\n<meta property=\"og:locale\" content=\"de_DE\" \/>\n<meta property=\"og:type\" content=\"article\" \/>\n<meta property=\"og:title\" content=\"Preise und Bedingungen - Tier\" \/>\n<meta property=\"og:description\" content=\"Nutzen Sie unsere \u00dcberblicksseiten, um sich \u00fcber alle Rahmenbedingungen unserer Angebote f\u00fcr Tier und Tierbesitzer zu informieren: Behandlungen und Therapien Tierkommunikation Tiersuche Anmeldung zu Veranstaltungen Das Angebot von Tirza Kirchner f\u00fcr Menschen finden Sie auf den Seiten der\u00a0Naturheilpraxis.\" \/>\n<meta property=\"og:url\" content=\"https:\/\/www.tirza-kirchner.de\/tierheilpraxis\/preise-und-bedingungen\/\" \/>\n<meta property=\"og:site_name\" content=\"Tier\" \/>\n<meta property=\"article:modified_time\" content=\"2018-01-22T14:49:52+00:00\" \/>\n<meta name=\"twitter:card\" content=\"summary_large_image\" \/>\n<script type=\"application\/ld+json\" class=\"yoast-schema-graph\">{\"@context\":\"https:\\\/\\\/schema.org\",\"@graph\":[{\"@type\":\"WebPage\",\"@id\":\"https:\\\/\\\/www.tirza-kirchner.de\\\/tierheilpraxis\\\/preise-und-bedingungen\\\/\",\"url\":\"https:\\\/\\\/www.tirza-kirchner.de\\\/tierheilpraxis\\\/preise-und-bedingungen\\\/\",\"name\":\"Preise und Bedingungen - Tier\",\"isPartOf\":{\"@id\":\"https:\\\/\\\/www.tirza-kirchner.de\\\/tierheilpraxis\\\/#website\"},\"datePublished\":\"2018-01-22T14:44:24+00:00\",\"dateModified\":\"2018-01-22T14:49:52+00:00\",\"breadcrumb\":{\"@id\":\"https:\\\/\\\/www.tirza-kirchner.de\\\/tierheilpraxis\\\/preise-und-bedingungen\\\/#breadcrumb\"},\"inLanguage\":\"de\",\"potentialAction\":[{\"@type\":\"ReadAction\",\"target\":[\"https:\\\/\\\/www.tirza-kirchner.de\\\/tierheilpraxis\\\/preise-und-bedingungen\\\/\"]}]},{\"@type\":\"BreadcrumbList\",\"@id\":\"https:\\\/\\\/www.tirza-kirchner.de\\\/tierheilpraxis\\\/preise-und-bedingungen\\\/#breadcrumb\",\"itemListElement\":[{\"@type\":\"ListItem\",\"position\":1,\"name\":\"Startseite\",\"item\":\"https:\\\/\\\/www.tirza-kirchner.de\\\/tierheilpraxis\\\/\"},{\"@type\":\"ListItem\",\"position\":2,\"name\":\"Preise und Bedingungen\"}]},{\"@type\":\"WebSite\",\"@id\":\"https:\\\/\\\/www.tirza-kirchner.de\\\/tierheilpraxis\\\/#website\",\"url\":\"https:\\\/\\\/www.tirza-kirchner.de\\\/tierheilpraxis\\\/\",\"name\":\"Tier\",\"description\":\"Eine weitere Tirza Kirchner Website\",\"potentialAction\":[{\"@type\":\"SearchAction\",\"target\":{\"@type\":\"EntryPoint\",\"urlTemplate\":\"https:\\\/\\\/www.tirza-kirchner.de\\\/tierheilpraxis\\\/?s={search_term_string}\"},\"query-input\":{\"@type\":\"PropertyValueSpecification\",\"valueRequired\":true,\"valueName\":\"search_term_string\"}}],\"inLanguage\":\"de\"}]}<\/script>\n<!-- \/ Yoast SEO plugin. -->","yoast_head_json":{"title":"Preise und Bedingungen - Tier","robots":{"index":"index","follow":"follow","max-snippet":"max-snippet:-1","max-image-preview":"max-image-preview:large","max-video-preview":"max-video-preview:-1"},"canonical":"https:\/\/www.tirza-kirchner.de\/tierheilpraxis\/preise-und-bedingungen\/","og_locale":"de_DE","og_type":"article","og_title":"Preise und Bedingungen - Tier","og_description":"Nutzen Sie unsere \u00dcberblicksseiten, um sich \u00fcber alle Rahmenbedingungen unserer Angebote f\u00fcr Tier und Tierbesitzer zu informieren: Behandlungen und Therapien Tierkommunikation Tiersuche Anmeldung zu Veranstaltungen Das Angebot von Tirza Kirchner f\u00fcr Menschen finden Sie auf den Seiten der\u00a0Naturheilpraxis.","og_url":"https:\/\/www.tirza-kirchner.de\/tierheilpraxis\/preise-und-bedingungen\/","og_site_name":"Tier","article_modified_time":"2018-01-22T14:49:52+00:00","twitter_card":"summary_large_image","schema":{"@context":"https:\/\/schema.org","@graph":[{"@type":"WebPage","@id":"https:\/\/www.tirza-kirchner.de\/tierheilpraxis\/preise-und-bedingungen\/","url":"https:\/\/www.tirza-kirchner.de\/tierheilpraxis\/preise-und-bedingungen\/","name":"Preise und Bedingungen - Tier","isPartOf":{"@id":"https:\/\/www.tirza-kirchner.de\/tierheilpraxis\/#website"},"datePublished":"2018-01-22T14:44:24+00:00","dateModified":"2018-01-22T14:49:52+00:00","breadcrumb":{"@id":"https:\/\/www.tirza-kirchner.de\/tierheilpraxis\/preise-und-bedingungen\/#breadcrumb"},"inLanguage":"de","potentialAction":[{"@type":"ReadAction","target":["https:\/\/www.tirza-kirchner.de\/tierheilpraxis\/preise-und-bedingungen\/"]}]},{"@type":"BreadcrumbList","@id":"https:\/\/www.tirza-kirchner.de\/tierheilpraxis\/preise-und-bedingungen\/#breadcrumb","itemListElement":[{"@type":"ListItem","position":1,"name":"Startseite","item":"https:\/\/www.tirza-kirchner.de\/tierheilpraxis\/"},{"@type":"ListItem","position":2,"name":"Preise und Bedingungen"}]},{"@type":"WebSite","@id":"https:\/\/www.tirza-kirchner.de\/tierheilpraxis\/#website","url":"https:\/\/www.tirza-kirchner.de\/tierheilpraxis\/","name":"Tier","description":"Eine weitere Tirza Kirchner Website","potentialAction":[{"@type":"SearchAction","target":{"@type":"EntryPoint","urlTemplate":"https:\/\/www.tirza-kirchner.de\/tierheilpraxis\/?s={search_term_string}"},"query-input":{"@type":"PropertyValueSpecification","valueRequired":true,"valueName":"search_term_string"}}],"inLanguage":"de"}]}},"_links":{"self":[{"href":"https:\/\/www.tirza-kirchner.de\/tierheilpraxis\/wp-json\/wp\/v2\/pages\/441","targetHints":{"allow":["GET"]}}],"collection":[{"href":"https:\/\/www.tirza-kirchner.de\/tierheilpraxis\/wp-json\/wp\/v2\/pages"}],"about":[{"href":"https:\/\/www.tirza-kirchner.de\/tierheilpraxis\/wp-json\/wp\/v2\/types\/page"}],"author":[{"embeddable":true,"href":"https:\/\/www.tirza-kirchner.de\/tierheilpraxis\/wp-json\/wp\/v2\/users\/1"}],"replies":[{"embeddable":true,"href":"https:\/\/www.tirza-kirchner.de\/tierheilpraxis\/wp-json\/wp\/v2\/comments?post=441"}],"version-history":[{"count":6,"href":"https:\/\/www.tirza-kirchner.de\/tierheilpraxis\/wp-json\/wp\/v2\/pages\/441\/revisions"}],"predecessor-version":[{"id":448,"href":"https:\/\/www.tirza-kirchner.de\/tierheilpraxis\/wp-json\/wp\/v2\/pages\/441\/revisions\/448"}],"wp:attachment":[{"href":"https:\/\/www.tirza-kirchner.de\/tierheilpraxis\/wp-json\/wp\/v2\/media?parent=441"}],"curies":[{"name":"wp","href":"https:\/\/api.w.org\/{rel}","templated":true}]}}