{"id":431,"date":"2018-01-22T15:30:03","date_gmt":"2018-01-22T14:30:03","guid":{"rendered":"https:\/\/www.tirza-kirchner.de\/tierheilpraxis\/?page_id=431"},"modified":"2026-04-01T13:21:11","modified_gmt":"2026-04-01T11:21:11","slug":"behandlungen-und-therapien","status":"publish","type":"page","link":"https:\/\/www.tirza-kirchner.de\/tierheilpraxis\/behandlungen-und-therapien\/","title":{"rendered":"Behandlungen und Therapien"},"content":{"rendered":"<h2>Naturheilkundliche Therapien<\/h2>\n<p>Sie erhalten eine ganz individuelle Therapie- und Medikamente-Zusammenstellung f\u00fcr Ihr Tier.\u00a0Enthalten ist:<\/p>\n<ul>\n<li>eine ausf\u00fchrliche Anamnese,<\/li>\n<li>die hom\u00f6opathische Repertorisation,<\/li>\n<li>ausf\u00fchrliche Beratung,<\/li>\n<li>die individuelle Auswahl und umfassende naturheilkundliche Therapiezusammenstellung inkl. Angaben zu den Medikamenten.<\/li>\n<\/ul>\n<p>Meine Behandlungen und Therapiezusammenstellungen basieren auf die Bereiche:<\/p>\n<ul>\n<li>Anthroposophische Medizin<\/li>\n<li>Hom\u00f6opathie<\/li>\n<li>Phytotherapie (Pflanzenheilkunde)<\/li>\n<li>Mykotherapie (Vitalpilze)<\/li>\n<li>Bachbl\u00fcten, Sch\u00fcsslersalze, Mineralien usw.<\/li>\n<li>Informationen zu Ern\u00e4hrung<\/li>\n<li>Beratung zum Verhalten und Leben mit Ihrem Tier<\/li>\n<li>Energetische und schamanische Behandlungsmethoden<\/li>\n<\/ul>\n<p>F\u00fcr eine ausf\u00fchrliche naturheilkundliche Therapiezusammenstellung berechne ich pro Stunde 125 Euro zzgl. der gesetzlichen Umsatzsteuer von 19 % (Brutto-Gesamtbetrag 148,75 Euro).<br \/>\nF\u00fcr eine Erstbehandlung bzw. Therapiezusammenstellung ist ungef\u00e4hr eine Stunde Aufwand n\u00f6tig.<\/p>\n<p>F\u00fcr Kurzinformationen wie z.B. Medikamentenausk\u00fcnfte, die im Notfall n\u00f6tig sein k\u00f6nnen oder Tipps zum weiteren Vorgehen berechne ich pro angefangene 30 Minuten 62,50 Euro zzgl. der gesetzlichen Umsatzsteuer von 19 % (Brutto-Gesamtbetrag 74,38 \u20ac).<\/p>\n<p>Therapieanpassungen und -fortsetzungen werden nach Aufwand in Rechnung gestellt. Pro angefangene 30 Minuten 62,50 Euro zzgl. der gesetzlichen Umsatzsteuer von 19 % (Brutto-Gesamtbetrag 74,38 \u20ac).<\/p>\n<p>Alle Beratungen k\u00f6nnen telefonisch, per Email oder vor Ort in meiner Naturheilpraxis in F\u00fcrth-Stadeln erfolgen.<br \/>\nHausbesuche und Termine bei Ihrem Pferd im Stall sind ebenfalls m\u00f6glich. Die Anfahrtskosten betragen 0,40 Euro pro Kilometer zzgl. der gesetzlichen Umsatzsteuer von 19%.<\/p>\n","protected":false},"excerpt":{"rendered":"<p>Naturheilkundliche Therapien Sie erhalten eine ganz individuelle Therapie- und Medikamente-Zusammenstellung f\u00fcr Ihr Tier.\u00a0Enthalten ist: eine ausf\u00fchrliche Anamnese, die hom\u00f6opathische Repertorisation, ausf\u00fchrliche Beratung, die individuelle Auswahl und umfassende naturheilkundliche Therapiezusammenstellung inkl. Angaben zu den Medikamenten. Meine Behandlungen und Therapiezusammenstellungen basieren auf die Bereiche: Anthroposophische Medizin Hom\u00f6opathie Phytotherapie (Pflanzenheilkunde) Mykotherapie (Vitalpilze) Bachbl\u00fcten, Sch\u00fcsslersalze, Mineralien usw. Informationen zu &#8230; <a title=\"Behandlungen und Therapien\" class=\"read-more\" href=\"https:\/\/www.tirza-kirchner.de\/tierheilpraxis\/behandlungen-und-therapien\/\" aria-label=\"Mehr Informationen \u00fcber Behandlungen und Therapien\">Weiterlesen<\/a><\/p>\n","protected":false},"author":1,"featured_media":0,"parent":0,"menu_order":0,"comment_status":"closed","ping_status":"closed","template":"","meta":{"generate_page_header":"","_mc_calendar":[],"footnotes":""},"class_list":["post-431","page","type-page","status-publish"],"yoast_head":"<!-- This site is optimized with the Yoast SEO plugin v27.4 - https:\/\/yoast.com\/product\/yoast-seo-wordpress\/ -->\n<title>Behandlungen und Therapien - Tier<\/title>\n<meta name=\"robots\" content=\"index, follow, max-snippet:-1, max-image-preview:large, max-video-preview:-1\" \/>\n<link rel=\"canonical\" href=\"https:\/\/www.tirza-kirchner.de\/tierheilpraxis\/behandlungen-und-therapien\/\" \/>\n<meta property=\"og:locale\" content=\"de_DE\" \/>\n<meta property=\"og:type\" content=\"article\" \/>\n<meta property=\"og:title\" content=\"Behandlungen und Therapien - Tier\" \/>\n<meta property=\"og:description\" content=\"Naturheilkundliche Therapien Sie erhalten eine ganz individuelle Therapie- und Medikamente-Zusammenstellung f\u00fcr Ihr Tier.\u00a0Enthalten ist: eine ausf\u00fchrliche Anamnese, die hom\u00f6opathische Repertorisation, ausf\u00fchrliche Beratung, die individuelle Auswahl und umfassende naturheilkundliche Therapiezusammenstellung inkl. Angaben zu den Medikamenten. Meine Behandlungen und Therapiezusammenstellungen basieren auf die Bereiche: Anthroposophische Medizin Hom\u00f6opathie Phytotherapie (Pflanzenheilkunde) Mykotherapie (Vitalpilze) Bachbl\u00fcten, Sch\u00fcsslersalze, Mineralien usw. Informationen zu ... Weiterlesen\" \/>\n<meta property=\"og:url\" content=\"https:\/\/www.tirza-kirchner.de\/tierheilpraxis\/behandlungen-und-therapien\/\" \/>\n<meta property=\"og:site_name\" content=\"Tier\" \/>\n<meta property=\"article:modified_time\" content=\"2026-04-01T11:21:11+00:00\" \/>\n<meta name=\"twitter:card\" content=\"summary_large_image\" \/>\n<meta name=\"twitter:label1\" content=\"Gesch\u00e4tzte Lesezeit\" \/>\n\t<meta name=\"twitter:data1\" content=\"2\u00a0Minuten\" \/>\n<script type=\"application\/ld+json\" class=\"yoast-schema-graph\">{\"@context\":\"https:\\\/\\\/schema.org\",\"@graph\":[{\"@type\":\"WebPage\",\"@id\":\"https:\\\/\\\/www.tirza-kirchner.de\\\/tierheilpraxis\\\/behandlungen-und-therapien\\\/\",\"url\":\"https:\\\/\\\/www.tirza-kirchner.de\\\/tierheilpraxis\\\/behandlungen-und-therapien\\\/\",\"name\":\"Behandlungen und Therapien - Tier\",\"isPartOf\":{\"@id\":\"https:\\\/\\\/www.tirza-kirchner.de\\\/tierheilpraxis\\\/#website\"},\"datePublished\":\"2018-01-22T14:30:03+00:00\",\"dateModified\":\"2026-04-01T11:21:11+00:00\",\"breadcrumb\":{\"@id\":\"https:\\\/\\\/www.tirza-kirchner.de\\\/tierheilpraxis\\\/behandlungen-und-therapien\\\/#breadcrumb\"},\"inLanguage\":\"de\",\"potentialAction\":[{\"@type\":\"ReadAction\",\"target\":[\"https:\\\/\\\/www.tirza-kirchner.de\\\/tierheilpraxis\\\/behandlungen-und-therapien\\\/\"]}]},{\"@type\":\"BreadcrumbList\",\"@id\":\"https:\\\/\\\/www.tirza-kirchner.de\\\/tierheilpraxis\\\/behandlungen-und-therapien\\\/#breadcrumb\",\"itemListElement\":[{\"@type\":\"ListItem\",\"position\":1,\"name\":\"Startseite\",\"item\":\"https:\\\/\\\/www.tirza-kirchner.de\\\/tierheilpraxis\\\/\"},{\"@type\":\"ListItem\",\"position\":2,\"name\":\"Behandlungen und Therapien\"}]},{\"@type\":\"WebSite\",\"@id\":\"https:\\\/\\\/www.tirza-kirchner.de\\\/tierheilpraxis\\\/#website\",\"url\":\"https:\\\/\\\/www.tirza-kirchner.de\\\/tierheilpraxis\\\/\",\"name\":\"Tier\",\"description\":\"Eine weitere Tirza Kirchner Website\",\"potentialAction\":[{\"@type\":\"SearchAction\",\"target\":{\"@type\":\"EntryPoint\",\"urlTemplate\":\"https:\\\/\\\/www.tirza-kirchner.de\\\/tierheilpraxis\\\/?s={search_term_string}\"},\"query-input\":{\"@type\":\"PropertyValueSpecification\",\"valueRequired\":true,\"valueName\":\"search_term_string\"}}],\"inLanguage\":\"de\"}]}<\/script>\n<!-- \/ Yoast SEO plugin. -->","yoast_head_json":{"title":"Behandlungen und Therapien - Tier","robots":{"index":"index","follow":"follow","max-snippet":"max-snippet:-1","max-image-preview":"max-image-preview:large","max-video-preview":"max-video-preview:-1"},"canonical":"https:\/\/www.tirza-kirchner.de\/tierheilpraxis\/behandlungen-und-therapien\/","og_locale":"de_DE","og_type":"article","og_title":"Behandlungen und Therapien - Tier","og_description":"Naturheilkundliche Therapien Sie erhalten eine ganz individuelle Therapie- und Medikamente-Zusammenstellung f\u00fcr Ihr Tier.\u00a0Enthalten ist: eine ausf\u00fchrliche Anamnese, die hom\u00f6opathische Repertorisation, ausf\u00fchrliche Beratung, die individuelle Auswahl und umfassende naturheilkundliche Therapiezusammenstellung inkl. Angaben zu den Medikamenten. Meine Behandlungen und Therapiezusammenstellungen basieren auf die Bereiche: Anthroposophische Medizin Hom\u00f6opathie Phytotherapie (Pflanzenheilkunde) Mykotherapie (Vitalpilze) Bachbl\u00fcten, Sch\u00fcsslersalze, Mineralien usw. Informationen zu ... Weiterlesen","og_url":"https:\/\/www.tirza-kirchner.de\/tierheilpraxis\/behandlungen-und-therapien\/","og_site_name":"Tier","article_modified_time":"2026-04-01T11:21:11+00:00","twitter_card":"summary_large_image","twitter_misc":{"Gesch\u00e4tzte Lesezeit":"2\u00a0Minuten"},"schema":{"@context":"https:\/\/schema.org","@graph":[{"@type":"WebPage","@id":"https:\/\/www.tirza-kirchner.de\/tierheilpraxis\/behandlungen-und-therapien\/","url":"https:\/\/www.tirza-kirchner.de\/tierheilpraxis\/behandlungen-und-therapien\/","name":"Behandlungen und Therapien - Tier","isPartOf":{"@id":"https:\/\/www.tirza-kirchner.de\/tierheilpraxis\/#website"},"datePublished":"2018-01-22T14:30:03+00:00","dateModified":"2026-04-01T11:21:11+00:00","breadcrumb":{"@id":"https:\/\/www.tirza-kirchner.de\/tierheilpraxis\/behandlungen-und-therapien\/#breadcrumb"},"inLanguage":"de","potentialAction":[{"@type":"ReadAction","target":["https:\/\/www.tirza-kirchner.de\/tierheilpraxis\/behandlungen-und-therapien\/"]}]},{"@type":"BreadcrumbList","@id":"https:\/\/www.tirza-kirchner.de\/tierheilpraxis\/behandlungen-und-therapien\/#breadcrumb","itemListElement":[{"@type":"ListItem","position":1,"name":"Startseite","item":"https:\/\/www.tirza-kirchner.de\/tierheilpraxis\/"},{"@type":"ListItem","position":2,"name":"Behandlungen und Therapien"}]},{"@type":"WebSite","@id":"https:\/\/www.tirza-kirchner.de\/tierheilpraxis\/#website","url":"https:\/\/www.tirza-kirchner.de\/tierheilpraxis\/","name":"Tier","description":"Eine weitere Tirza Kirchner Website","potentialAction":[{"@type":"SearchAction","target":{"@type":"EntryPoint","urlTemplate":"https:\/\/www.tirza-kirchner.de\/tierheilpraxis\/?s={search_term_string}"},"query-input":{"@type":"PropertyValueSpecification","valueRequired":true,"valueName":"search_term_string"}}],"inLanguage":"de"}]}},"_links":{"self":[{"href":"https:\/\/www.tirza-kirchner.de\/tierheilpraxis\/wp-json\/wp\/v2\/pages\/431","targetHints":{"allow":["GET"]}}],"collection":[{"href":"https:\/\/www.tirza-kirchner.de\/tierheilpraxis\/wp-json\/wp\/v2\/pages"}],"about":[{"href":"https:\/\/www.tirza-kirchner.de\/tierheilpraxis\/wp-json\/wp\/v2\/types\/page"}],"author":[{"embeddable":true,"href":"https:\/\/www.tirza-kirchner.de\/tierheilpraxis\/wp-json\/wp\/v2\/users\/1"}],"replies":[{"embeddable":true,"href":"https:\/\/www.tirza-kirchner.de\/tierheilpraxis\/wp-json\/wp\/v2\/comments?post=431"}],"version-history":[{"count":14,"href":"https:\/\/www.tirza-kirchner.de\/tierheilpraxis\/wp-json\/wp\/v2\/pages\/431\/revisions"}],"predecessor-version":[{"id":661,"href":"https:\/\/www.tirza-kirchner.de\/tierheilpraxis\/wp-json\/wp\/v2\/pages\/431\/revisions\/661"}],"wp:attachment":[{"href":"https:\/\/www.tirza-kirchner.de\/tierheilpraxis\/wp-json\/wp\/v2\/media?parent=431"}],"curies":[{"name":"wp","href":"https:\/\/api.w.org\/{rel}","templated":true}]}}