{"id":347,"date":"2017-07-08T20:05:26","date_gmt":"2017-07-08T18:05:26","guid":{"rendered":"https:\/\/www.tirza-kirchner.de\/tierheilpraxis\/?page_id=347"},"modified":"2017-07-08T20:06:08","modified_gmt":"2017-07-08T18:06:08","slug":"was-geschah-mit-kater-sixten","status":"publish","type":"page","link":"https:\/\/www.tirza-kirchner.de\/tierheilpraxis\/tierkommunikation\/beispiele\/was-geschah-mit-kater-sixten\/","title":{"rendered":"Was geschah mit Kater Sixten?"},"content":{"rendered":"<div id=\"c99\" class=\"csc-default layout-0\">\n<div class=\"csc-header csc-header-n1\">\n<figure id=\"attachment_324\" aria-describedby=\"caption-attachment-324\" style=\"width: 160px\" class=\"wp-caption alignleft\"><img loading=\"lazy\" decoding=\"async\" class=\"size-medium wp-image-324\" src=\"https:\/\/www.tirza-kirchner.de\/tierheilpraxis\/wp-content\/uploads\/sites\/2\/2017\/02\/kater_sixten-170x300.jpg\" alt=\"\" width=\"170\" height=\"300\" srcset=\"https:\/\/www.tirza-kirchner.de\/tierheilpraxis\/wp-content\/uploads\/sites\/2\/2017\/02\/kater_sixten-170x300.jpg 170w, https:\/\/www.tirza-kirchner.de\/tierheilpraxis\/wp-content\/uploads\/sites\/2\/2017\/02\/kater_sixten.jpg 210w\" sizes=\"auto, (max-width: 170px) 100vw, 170px\" \/><figcaption id=\"caption-attachment-324\" class=\"wp-caption-text\">Was geschah mit Kater Sixten?<\/figcaption><\/figure>\n<p class=\"csc-firstHeader\">Es war schon einige Jahre her. Pl\u00f6tzlich kam Kater Sixten nicht wie gewohnt nach Hause und blieb trotz ausgiebiger Suchaktionen bis heute verschwunden. Inzwischen sind neue Katzen in das Zuhause von Sixten eingezogen. Aber seine Besitzer fragten sich immer noch, wo er damals abgeblieben war. Bei dem Gespr\u00e4ch beschrieb er ganz deutlich die nahe Nachbarschaft. Alle Einzelheiten passten auf die Umgebung. Er erkl\u00e4rte genau, wie er seine Zeit an seinem Lieblingsplatz unter einem Holzstapel verbrachte und die Kinder am Spielplatz daneben beobachtete. Dummerweise kam dieser Holzstapel in Bewegung und begrub ihn.<\/p>\n<p class=\"csc-firstHeader\">Genau diesen Spielplatz und auch den Holzstapel gibt es noch heute im Nachbargarten. Auch das kleine blonde M\u00e4dchen, das Sixten im Gespr\u00e4ch so freundlich gr\u00fc\u00dfen lie\u00df, geh\u00f6rt in das Nachbarhaus.<\/p>\n<h2 class=\"csc-firstHeader\">Auszug aus dem Gespr\u00e4chsprotokoll<\/h2>\n<p class=\"csc-firstHeader\"><b>&#8230; Ich hab noch mal \u00fcber die Bilder nachgedacht die ich gesehen habe. Die Du mir gezeigt hast. Kann es sein, dass Du unter einem Holzsto\u00df warst und der eingest\u00fcrzt ist?<\/b><\/p>\n<p class=\"csc-firstHeader\"><i>Er schaut mich gro\u00df an und ich sehe wieder das Bild. Er ist in einem dunklen, gesch\u00fctzten Loch am Erdboden und etwas \u00fcber ihm gestapelt. Wie wenn das sein Aussichtsplatz gewesen w\u00e4re, von dem er die Welt und eventuell die Kinder auf dem Spielplatz beobachtet hatte, die er mir vorher gezeigt hat. Ich sehe Menschen mit Hunden vorbeilaufen. Auf einem Schotterweg und daneben einen hohen und langen Holzstapel. Er duckt sich in eine Mulde unter den Holzstapel und lugt hervor. Beobachtet alles ganz genau.<\/i><\/p>\n<p class=\"csc-firstHeader\"><i>Und dann wieder das Bild von Einsturz und Dunkelheit. Ganz pl\u00f6tzlich. Unvorbereitet.<\/i><\/p>\n<p class=\"csc-firstHeader\"><b>Sixten &#8211; war es so?<\/b><\/p>\n<p class=\"csc-firstHeader\">Kann schon sein. Ging ganz schnell. War \u00fcberrascht. War \u00fcberrollt (im wahrsten Sinne des Wortes&#8230;). Konnte gar nicht wegrennen. Ging nicht. Es klingt so als k\u00f6nnte er es jetzt noch gar nicht glauben. Er klingt immer noch total \u00fcberrascht. War alles viel zu schnell f\u00fcr mich. Eine b\u00f6se \u00dcberraschung. Und dann war es total dunkel. Nur noch Schw\u00e4rze. Als ich aufgewacht bin, war ich hier. Hell, Licht, Sonne, W\u00e4rme.<\/p>\n<p class=\"csc-firstHeader\"><b>Das ist dann aber schon die andere Welt, die Du beschreibst.<\/b><\/p>\n<p class=\"csc-firstHeader\"><i>Er nickt ganz ruhig und entspannt.<\/i><\/p>\n<p class=\"csc-firstHeader\"><b>Naja \u2013 ich denke, das kann gut so gewesen sein. Ist dann aber wirklich dumm gelaufen.<\/b><\/p>\n<p class=\"csc-firstHeader\">Ja. GENAU! Das \u00e4rgert mich jetzt noch. Dass ich nichts gemerkt habe. Ich \u00e4rger mich jetzt noch \u00fcber mich &#8230;<\/p>\n<p class=\"csc-firstHeader\"><a href=\"https:\/\/www.tirza-kirchner.de\/tierheilpraxis\/tierkommunikation\/beispiele\/\">Zur\u00fcck zur \u00dcbersicht<\/a><\/p>\n<\/div>\n<\/div>\n","protected":false},"excerpt":{"rendered":"<p>Es war schon einige Jahre her. Pl\u00f6tzlich kam Kater Sixten nicht wie gewohnt nach Hause und blieb trotz ausgiebiger Suchaktionen bis heute verschwunden. Inzwischen sind neue Katzen in das Zuhause von Sixten eingezogen. Aber seine Besitzer fragten sich immer noch, wo er damals abgeblieben war. Bei dem Gespr\u00e4ch beschrieb er ganz deutlich die nahe Nachbarschaft. &#8230; <a title=\"Was geschah mit Kater Sixten?\" class=\"read-more\" href=\"https:\/\/www.tirza-kirchner.de\/tierheilpraxis\/tierkommunikation\/beispiele\/was-geschah-mit-kater-sixten\/\" aria-label=\"Mehr Informationen \u00fcber Was geschah mit Kater Sixten?\">Weiterlesen<\/a><\/p>\n","protected":false},"author":1,"featured_media":0,"parent":31,"menu_order":0,"comment_status":"closed","ping_status":"closed","template":"","meta":{"generate_page_header":"","_mc_calendar":[],"footnotes":""},"class_list":["post-347","page","type-page","status-publish"],"yoast_head":"<!-- This site is optimized with the Yoast SEO plugin v27.4 - https:\/\/yoast.com\/product\/yoast-seo-wordpress\/ -->\n<title>Was geschah mit Kater Sixten? - Tier<\/title>\n<meta name=\"robots\" content=\"index, follow, max-snippet:-1, max-image-preview:large, max-video-preview:-1\" \/>\n<link rel=\"canonical\" href=\"https:\/\/www.tirza-kirchner.de\/tierheilpraxis\/tierkommunikation\/beispiele\/was-geschah-mit-kater-sixten\/\" \/>\n<meta property=\"og:locale\" content=\"de_DE\" \/>\n<meta property=\"og:type\" content=\"article\" \/>\n<meta property=\"og:title\" content=\"Was geschah mit Kater Sixten? - Tier\" \/>\n<meta property=\"og:description\" content=\"Es war schon einige Jahre her. Pl\u00f6tzlich kam Kater Sixten nicht wie gewohnt nach Hause und blieb trotz ausgiebiger Suchaktionen bis heute verschwunden. Inzwischen sind neue Katzen in das Zuhause von Sixten eingezogen. Aber seine Besitzer fragten sich immer noch, wo er damals abgeblieben war. Bei dem Gespr\u00e4ch beschrieb er ganz deutlich die nahe Nachbarschaft. ... Weiterlesen\" \/>\n<meta property=\"og:url\" content=\"https:\/\/www.tirza-kirchner.de\/tierheilpraxis\/tierkommunikation\/beispiele\/was-geschah-mit-kater-sixten\/\" \/>\n<meta property=\"og:site_name\" content=\"Tier\" \/>\n<meta property=\"article:modified_time\" content=\"2017-07-08T18:06:08+00:00\" \/>\n<meta property=\"og:image\" content=\"https:\/\/www.tirza-kirchner.de\/tierheilpraxis\/wp-content\/uploads\/sites\/2\/2017\/02\/kater_sixten-170x300.jpg\" \/>\n<meta name=\"twitter:card\" content=\"summary_large_image\" \/>\n<meta name=\"twitter:label1\" content=\"Gesch\u00e4tzte Lesezeit\" \/>\n\t<meta name=\"twitter:data1\" content=\"2\u00a0Minuten\" \/>\n<script type=\"application\/ld+json\" class=\"yoast-schema-graph\">{\"@context\":\"https:\\\/\\\/schema.org\",\"@graph\":[{\"@type\":\"WebPage\",\"@id\":\"https:\\\/\\\/www.tirza-kirchner.de\\\/tierheilpraxis\\\/tierkommunikation\\\/beispiele\\\/was-geschah-mit-kater-sixten\\\/\",\"url\":\"https:\\\/\\\/www.tirza-kirchner.de\\\/tierheilpraxis\\\/tierkommunikation\\\/beispiele\\\/was-geschah-mit-kater-sixten\\\/\",\"name\":\"Was geschah mit Kater Sixten? - Tier\",\"isPartOf\":{\"@id\":\"https:\\\/\\\/www.tirza-kirchner.de\\\/tierheilpraxis\\\/#website\"},\"primaryImageOfPage\":{\"@id\":\"https:\\\/\\\/www.tirza-kirchner.de\\\/tierheilpraxis\\\/tierkommunikation\\\/beispiele\\\/was-geschah-mit-kater-sixten\\\/#primaryimage\"},\"image\":{\"@id\":\"https:\\\/\\\/www.tirza-kirchner.de\\\/tierheilpraxis\\\/tierkommunikation\\\/beispiele\\\/was-geschah-mit-kater-sixten\\\/#primaryimage\"},\"thumbnailUrl\":\"https:\\\/\\\/www.tirza-kirchner.de\\\/tierheilpraxis\\\/wp-content\\\/uploads\\\/sites\\\/2\\\/2017\\\/02\\\/kater_sixten-170x300.jpg\",\"datePublished\":\"2017-07-08T18:05:26+00:00\",\"dateModified\":\"2017-07-08T18:06:08+00:00\",\"breadcrumb\":{\"@id\":\"https:\\\/\\\/www.tirza-kirchner.de\\\/tierheilpraxis\\\/tierkommunikation\\\/beispiele\\\/was-geschah-mit-kater-sixten\\\/#breadcrumb\"},\"inLanguage\":\"de\",\"potentialAction\":[{\"@type\":\"ReadAction\",\"target\":[\"https:\\\/\\\/www.tirza-kirchner.de\\\/tierheilpraxis\\\/tierkommunikation\\\/beispiele\\\/was-geschah-mit-kater-sixten\\\/\"]}]},{\"@type\":\"ImageObject\",\"inLanguage\":\"de\",\"@id\":\"https:\\\/\\\/www.tirza-kirchner.de\\\/tierheilpraxis\\\/tierkommunikation\\\/beispiele\\\/was-geschah-mit-kater-sixten\\\/#primaryimage\",\"url\":\"https:\\\/\\\/www.tirza-kirchner.de\\\/tierheilpraxis\\\/wp-content\\\/uploads\\\/sites\\\/2\\\/2017\\\/02\\\/kater_sixten.jpg\",\"contentUrl\":\"https:\\\/\\\/www.tirza-kirchner.de\\\/tierheilpraxis\\\/wp-content\\\/uploads\\\/sites\\\/2\\\/2017\\\/02\\\/kater_sixten.jpg\",\"width\":210,\"height\":370,\"caption\":\"Was geschah mit Kater Sixten?\"},{\"@type\":\"BreadcrumbList\",\"@id\":\"https:\\\/\\\/www.tirza-kirchner.de\\\/tierheilpraxis\\\/tierkommunikation\\\/beispiele\\\/was-geschah-mit-kater-sixten\\\/#breadcrumb\",\"itemListElement\":[{\"@type\":\"ListItem\",\"position\":1,\"name\":\"Startseite\",\"item\":\"https:\\\/\\\/www.tirza-kirchner.de\\\/tierheilpraxis\\\/\"},{\"@type\":\"ListItem\",\"position\":2,\"name\":\"Tierkommunikation\",\"item\":\"https:\\\/\\\/www.tirza-kirchner.de\\\/tierheilpraxis\\\/tierkommunikation\\\/\"},{\"@type\":\"ListItem\",\"position\":3,\"name\":\"Beispiele aus der Tierkommunikation\",\"item\":\"https:\\\/\\\/www.tirza-kirchner.de\\\/tierheilpraxis\\\/tierkommunikation\\\/beispiele\\\/\"},{\"@type\":\"ListItem\",\"position\":4,\"name\":\"Was geschah mit Kater Sixten?\"}]},{\"@type\":\"WebSite\",\"@id\":\"https:\\\/\\\/www.tirza-kirchner.de\\\/tierheilpraxis\\\/#website\",\"url\":\"https:\\\/\\\/www.tirza-kirchner.de\\\/tierheilpraxis\\\/\",\"name\":\"Tier\",\"description\":\"Eine weitere Tirza Kirchner Website\",\"potentialAction\":[{\"@type\":\"SearchAction\",\"target\":{\"@type\":\"EntryPoint\",\"urlTemplate\":\"https:\\\/\\\/www.tirza-kirchner.de\\\/tierheilpraxis\\\/?s={search_term_string}\"},\"query-input\":{\"@type\":\"PropertyValueSpecification\",\"valueRequired\":true,\"valueName\":\"search_term_string\"}}],\"inLanguage\":\"de\"}]}<\/script>\n<!-- \/ Yoast SEO plugin. -->","yoast_head_json":{"title":"Was geschah mit Kater Sixten? - Tier","robots":{"index":"index","follow":"follow","max-snippet":"max-snippet:-1","max-image-preview":"max-image-preview:large","max-video-preview":"max-video-preview:-1"},"canonical":"https:\/\/www.tirza-kirchner.de\/tierheilpraxis\/tierkommunikation\/beispiele\/was-geschah-mit-kater-sixten\/","og_locale":"de_DE","og_type":"article","og_title":"Was geschah mit Kater Sixten? - Tier","og_description":"Es war schon einige Jahre her. Pl\u00f6tzlich kam Kater Sixten nicht wie gewohnt nach Hause und blieb trotz ausgiebiger Suchaktionen bis heute verschwunden. Inzwischen sind neue Katzen in das Zuhause von Sixten eingezogen. Aber seine Besitzer fragten sich immer noch, wo er damals abgeblieben war. Bei dem Gespr\u00e4ch beschrieb er ganz deutlich die nahe Nachbarschaft. ... Weiterlesen","og_url":"https:\/\/www.tirza-kirchner.de\/tierheilpraxis\/tierkommunikation\/beispiele\/was-geschah-mit-kater-sixten\/","og_site_name":"Tier","article_modified_time":"2017-07-08T18:06:08+00:00","og_image":[{"url":"https:\/\/www.tirza-kirchner.de\/tierheilpraxis\/wp-content\/uploads\/sites\/2\/2017\/02\/kater_sixten-170x300.jpg","type":"","width":"","height":""}],"twitter_card":"summary_large_image","twitter_misc":{"Gesch\u00e4tzte Lesezeit":"2\u00a0Minuten"},"schema":{"@context":"https:\/\/schema.org","@graph":[{"@type":"WebPage","@id":"https:\/\/www.tirza-kirchner.de\/tierheilpraxis\/tierkommunikation\/beispiele\/was-geschah-mit-kater-sixten\/","url":"https:\/\/www.tirza-kirchner.de\/tierheilpraxis\/tierkommunikation\/beispiele\/was-geschah-mit-kater-sixten\/","name":"Was geschah mit Kater Sixten? - Tier","isPartOf":{"@id":"https:\/\/www.tirza-kirchner.de\/tierheilpraxis\/#website"},"primaryImageOfPage":{"@id":"https:\/\/www.tirza-kirchner.de\/tierheilpraxis\/tierkommunikation\/beispiele\/was-geschah-mit-kater-sixten\/#primaryimage"},"image":{"@id":"https:\/\/www.tirza-kirchner.de\/tierheilpraxis\/tierkommunikation\/beispiele\/was-geschah-mit-kater-sixten\/#primaryimage"},"thumbnailUrl":"https:\/\/www.tirza-kirchner.de\/tierheilpraxis\/wp-content\/uploads\/sites\/2\/2017\/02\/kater_sixten-170x300.jpg","datePublished":"2017-07-08T18:05:26+00:00","dateModified":"2017-07-08T18:06:08+00:00","breadcrumb":{"@id":"https:\/\/www.tirza-kirchner.de\/tierheilpraxis\/tierkommunikation\/beispiele\/was-geschah-mit-kater-sixten\/#breadcrumb"},"inLanguage":"de","potentialAction":[{"@type":"ReadAction","target":["https:\/\/www.tirza-kirchner.de\/tierheilpraxis\/tierkommunikation\/beispiele\/was-geschah-mit-kater-sixten\/"]}]},{"@type":"ImageObject","inLanguage":"de","@id":"https:\/\/www.tirza-kirchner.de\/tierheilpraxis\/tierkommunikation\/beispiele\/was-geschah-mit-kater-sixten\/#primaryimage","url":"https:\/\/www.tirza-kirchner.de\/tierheilpraxis\/wp-content\/uploads\/sites\/2\/2017\/02\/kater_sixten.jpg","contentUrl":"https:\/\/www.tirza-kirchner.de\/tierheilpraxis\/wp-content\/uploads\/sites\/2\/2017\/02\/kater_sixten.jpg","width":210,"height":370,"caption":"Was geschah mit Kater Sixten?"},{"@type":"BreadcrumbList","@id":"https:\/\/www.tirza-kirchner.de\/tierheilpraxis\/tierkommunikation\/beispiele\/was-geschah-mit-kater-sixten\/#breadcrumb","itemListElement":[{"@type":"ListItem","position":1,"name":"Startseite","item":"https:\/\/www.tirza-kirchner.de\/tierheilpraxis\/"},{"@type":"ListItem","position":2,"name":"Tierkommunikation","item":"https:\/\/www.tirza-kirchner.de\/tierheilpraxis\/tierkommunikation\/"},{"@type":"ListItem","position":3,"name":"Beispiele aus der Tierkommunikation","item":"https:\/\/www.tirza-kirchner.de\/tierheilpraxis\/tierkommunikation\/beispiele\/"},{"@type":"ListItem","position":4,"name":"Was geschah mit Kater Sixten?"}]},{"@type":"WebSite","@id":"https:\/\/www.tirza-kirchner.de\/tierheilpraxis\/#website","url":"https:\/\/www.tirza-kirchner.de\/tierheilpraxis\/","name":"Tier","description":"Eine weitere Tirza Kirchner Website","potentialAction":[{"@type":"SearchAction","target":{"@type":"EntryPoint","urlTemplate":"https:\/\/www.tirza-kirchner.de\/tierheilpraxis\/?s={search_term_string}"},"query-input":{"@type":"PropertyValueSpecification","valueRequired":true,"valueName":"search_term_string"}}],"inLanguage":"de"}]}},"_links":{"self":[{"href":"https:\/\/www.tirza-kirchner.de\/tierheilpraxis\/wp-json\/wp\/v2\/pages\/347","targetHints":{"allow":["GET"]}}],"collection":[{"href":"https:\/\/www.tirza-kirchner.de\/tierheilpraxis\/wp-json\/wp\/v2\/pages"}],"about":[{"href":"https:\/\/www.tirza-kirchner.de\/tierheilpraxis\/wp-json\/wp\/v2\/types\/page"}],"author":[{"embeddable":true,"href":"https:\/\/www.tirza-kirchner.de\/tierheilpraxis\/wp-json\/wp\/v2\/users\/1"}],"replies":[{"embeddable":true,"href":"https:\/\/www.tirza-kirchner.de\/tierheilpraxis\/wp-json\/wp\/v2\/comments?post=347"}],"version-history":[{"count":1,"href":"https:\/\/www.tirza-kirchner.de\/tierheilpraxis\/wp-json\/wp\/v2\/pages\/347\/revisions"}],"predecessor-version":[{"id":349,"href":"https:\/\/www.tirza-kirchner.de\/tierheilpraxis\/wp-json\/wp\/v2\/pages\/347\/revisions\/349"}],"up":[{"embeddable":true,"href":"https:\/\/www.tirza-kirchner.de\/tierheilpraxis\/wp-json\/wp\/v2\/pages\/31"}],"wp:attachment":[{"href":"https:\/\/www.tirza-kirchner.de\/tierheilpraxis\/wp-json\/wp\/v2\/media?parent=347"}],"curies":[{"name":"wp","href":"https:\/\/api.w.org\/{rel}","templated":true}]}}