{"id":389,"date":"2018-05-16T03:56:09","date_gmt":"2018-05-16T01:56:09","guid":{"rendered":"https:\/\/www.tirza-kirchner.de\/naturheilpraxis\/?page_id=389"},"modified":"2024-01-10T12:18:16","modified_gmt":"2024-01-10T11:18:16","slug":"anthroposophische-medizin","status":"publish","type":"page","link":"https:\/\/www.tirza-kirchner.de\/naturheilpraxis\/anthroposophische-medizin\/","title":{"rendered":"Anthroposophische Medizin"},"content":{"rendered":"<h2>Leben im Einklang mit der Natur<\/h2>\n<figure id=\"attachment_433\" aria-describedby=\"caption-attachment-433\" style=\"width: 290px\" class=\"wp-caption alignright\"><img loading=\"lazy\" decoding=\"async\" class=\"size-medium wp-image-433\" src=\"https:\/\/www.tirza-kirchner.de\/naturheilpraxis\/wp-content\/uploads\/sites\/3\/2018\/05\/anthroposophische-medizin-1-300x199.jpg\" alt=\"Anthroposphische Medizin f\u00fcr Menschen\" width=\"300\" height=\"199\" srcset=\"https:\/\/www.tirza-kirchner.de\/naturheilpraxis\/wp-content\/uploads\/sites\/3\/2018\/05\/anthroposophische-medizin-1-300x199.jpg 300w, https:\/\/www.tirza-kirchner.de\/naturheilpraxis\/wp-content\/uploads\/sites\/3\/2018\/05\/anthroposophische-medizin-1-768x510.jpg 768w, https:\/\/www.tirza-kirchner.de\/naturheilpraxis\/wp-content\/uploads\/sites\/3\/2018\/05\/anthroposophische-medizin-1-1024x680.jpg 1024w\" sizes=\"auto, (max-width: 300px) 100vw, 300px\" \/><figcaption id=\"caption-attachment-433\" class=\"wp-caption-text\">Leben im Einklang mit der Natur<\/figcaption><\/figure>\n<p>Wie die Anthroposophie geht auch die Anthroposophische Medizin auf Rudolf Steiner zur\u00fcck. Mit der Natur, den Planeten und den Tierkreiskr\u00e4ften im Einklang zu leben, steht dabei im Mittelpunkt.\u00a0Als anerkannte Therapierichtung und als \u201ebesondere Therapierichtung\u201c ist die\u00a0Anthroposophische Medizin in Deutschland und der Schweiz gesetzlich verankert.<\/p>\n<blockquote><p>Rudolf Steiner: \u201eDie Anthroposophie ist ein Erkenntnisweg, der das Geistige im Menschenwesen zum Weltall f\u00fchren m\u00f6chte.\u201c<\/p><\/blockquote>\n<h2>Ganzheitliches Naturverst\u00e4ndnis<\/h2>\n<p>Das ganzheitliche Menschen- und Naturverst\u00e4ndnis ist zentraler Bestandteil der\u00a0Anthroposophischen Arzneitherapie. Sie verkn\u00fcpft das Wesenhafte der Natursubstanzen miteinander und mit dem Menschen, seinen Organen und Erkrankungen.\u00a0Planetenkr\u00e4fte werden ebenso eingebunden wie Mineralreich, Pflanzenreich und Tierreich. Diese Kombination macht die Anthroposophische Arzneitherapie zur Grundlage einer modernen, integrativen und spirituellen Behandlung.<\/p>\n<div class=\"page\" title=\"Page 5\">\n<div class=\"layoutArea\">\n<div class=\"column\">\n<p>Anthroposophische Arzneimittel sind aus Substanzen mineralische, pflanzliche und tierische Welt\u00a0gut durchdacht kombiniert, rythmisiert, hom\u00f6opathisch potenziert, verarbeitet und aufbereitet. So erhalten sie ihre ganz individuelle Heilkraft, unterst\u00fctzen die Selbstheilungskr\u00e4fte des K\u00f6rpers und f\u00f6rdern Gesundheit von K\u00f6rper, Seele und Geist.<\/p>\n<p>Der Patient wird dabei ganz individuell erfasst. Seine gesunden Ressourcen werden angesprochen und aktiviert.\u00a0Dabei setzt Tirza Kirchner unterschiedliche Anthroposophische Mittel ein. Dazu geh\u00f6ren:<\/p>\n<ul>\n<li>Kombinationspr\u00e4parate<\/li>\n<li>Organpr\u00e4parate<\/li>\n<li>Vegetabilisierte Metalle<\/li>\n<\/ul>\n<p>Kommen Sie gern auf Tirza Kirchner zu, wenn Sie tiefergehende Fragen zur Anthroposophischen Medizin haben oder ganz konkret wissen m\u00f6chten, was sie auf dieser Basis f\u00fcr Sie tun kann. Sie erreichen Tirza Kirchner unter\u00a00911 9238912 oder \u00fcber das <a href=\"https:\/\/www.tirza-kirchner.de\/kontakt\/\" target=\"_blank\" rel=\"noopener\">Kontaktformular<\/a>.<\/p>\n<\/div>\n<\/div>\n<\/div>\n","protected":false},"excerpt":{"rendered":"<p>Leben im Einklang mit der Natur Wie die Anthroposophie geht auch die Anthroposophische Medizin auf Rudolf Steiner zur\u00fcck. Mit der Natur, den Planeten und den Tierkreiskr\u00e4ften im Einklang zu leben, steht dabei im Mittelpunkt.\u00a0Als anerkannte Therapierichtung und als \u201ebesondere Therapierichtung\u201c ist die\u00a0Anthroposophische Medizin in Deutschland und der Schweiz gesetzlich verankert. Rudolf Steiner: \u201eDie Anthroposophie ist &#8230; <a title=\"Anthroposophische Medizin\" class=\"read-more\" href=\"https:\/\/www.tirza-kirchner.de\/naturheilpraxis\/anthroposophische-medizin\/\" aria-label=\"Mehr Informationen \u00fcber Anthroposophische Medizin\">Weiterlesen<\/a><\/p>\n","protected":false},"author":1,"featured_media":0,"parent":0,"menu_order":0,"comment_status":"closed","ping_status":"closed","template":"","meta":{"generate_page_header":"","_mc_calendar":[],"footnotes":""},"class_list":["post-389","page","type-page","status-publish"],"yoast_head":"<!-- This site is optimized with the Yoast SEO plugin v27.4 - https:\/\/yoast.com\/product\/yoast-seo-wordpress\/ -->\n<title>Anthroposophische Medizin - Tirza Kirchner - F\u00fcrth<\/title>\n<meta name=\"description\" content=\"Die Anthroposophische Medizin geht auf Rudolf Steiner zur\u00fcck. Mit der Natur, den Planeten und Tierkreiskr\u00e4ften im Einklang zu leben, steht dabei im Zentrum.\" \/>\n<meta name=\"robots\" content=\"index, follow, max-snippet:-1, max-image-preview:large, max-video-preview:-1\" \/>\n<link rel=\"canonical\" href=\"https:\/\/www.tirza-kirchner.de\/naturheilpraxis\/anthroposophische-medizin\/\" \/>\n<meta property=\"og:locale\" content=\"de_DE\" \/>\n<meta property=\"og:type\" content=\"article\" \/>\n<meta property=\"og:title\" content=\"Anthroposophische Medizin - Tirza Kirchner - F\u00fcrth\" \/>\n<meta property=\"og:description\" content=\"Die Anthroposophische Medizin geht auf Rudolf Steiner zur\u00fcck. Mit der Natur, den Planeten und Tierkreiskr\u00e4ften im Einklang zu leben, steht dabei im Zentrum.\" \/>\n<meta property=\"og:url\" content=\"https:\/\/www.tirza-kirchner.de\/naturheilpraxis\/anthroposophische-medizin\/\" \/>\n<meta property=\"og:site_name\" content=\"Mensch\" \/>\n<meta property=\"article:modified_time\" content=\"2024-01-10T11:18:16+00:00\" \/>\n<meta property=\"og:image\" content=\"https:\/\/www.tirza-kirchner.de\/naturheilpraxis\/wp-content\/uploads\/sites\/3\/2018\/05\/anthroposophische-medizin-1-300x199.jpg\" \/>\n<meta name=\"twitter:card\" content=\"summary_large_image\" \/>\n<meta name=\"twitter:label1\" content=\"Gesch\u00e4tzte Lesezeit\" \/>\n\t<meta name=\"twitter:data1\" content=\"1\u00a0Minute\" \/>\n<script type=\"application\/ld+json\" class=\"yoast-schema-graph\">{\"@context\":\"https:\\\/\\\/schema.org\",\"@graph\":[{\"@type\":\"WebPage\",\"@id\":\"https:\\\/\\\/www.tirza-kirchner.de\\\/naturheilpraxis\\\/anthroposophische-medizin\\\/\",\"url\":\"https:\\\/\\\/www.tirza-kirchner.de\\\/naturheilpraxis\\\/anthroposophische-medizin\\\/\",\"name\":\"Anthroposophische Medizin - Tirza Kirchner - F\u00fcrth\",\"isPartOf\":{\"@id\":\"https:\\\/\\\/www.tirza-kirchner.de\\\/naturheilpraxis\\\/#website\"},\"primaryImageOfPage\":{\"@id\":\"https:\\\/\\\/www.tirza-kirchner.de\\\/naturheilpraxis\\\/anthroposophische-medizin\\\/#primaryimage\"},\"image\":{\"@id\":\"https:\\\/\\\/www.tirza-kirchner.de\\\/naturheilpraxis\\\/anthroposophische-medizin\\\/#primaryimage\"},\"thumbnailUrl\":\"https:\\\/\\\/www.tirza-kirchner.de\\\/naturheilpraxis\\\/wp-content\\\/uploads\\\/sites\\\/3\\\/2018\\\/05\\\/anthroposophische-medizin-1-300x199.jpg\",\"datePublished\":\"2018-05-16T01:56:09+00:00\",\"dateModified\":\"2024-01-10T11:18:16+00:00\",\"description\":\"Die Anthroposophische Medizin geht auf Rudolf Steiner zur\u00fcck. Mit der Natur, den Planeten und Tierkreiskr\u00e4ften im Einklang zu leben, steht dabei im Zentrum.\",\"breadcrumb\":{\"@id\":\"https:\\\/\\\/www.tirza-kirchner.de\\\/naturheilpraxis\\\/anthroposophische-medizin\\\/#breadcrumb\"},\"inLanguage\":\"de\",\"potentialAction\":[{\"@type\":\"ReadAction\",\"target\":[\"https:\\\/\\\/www.tirza-kirchner.de\\\/naturheilpraxis\\\/anthroposophische-medizin\\\/\"]}]},{\"@type\":\"ImageObject\",\"inLanguage\":\"de\",\"@id\":\"https:\\\/\\\/www.tirza-kirchner.de\\\/naturheilpraxis\\\/anthroposophische-medizin\\\/#primaryimage\",\"url\":\"https:\\\/\\\/www.tirza-kirchner.de\\\/naturheilpraxis\\\/wp-content\\\/uploads\\\/sites\\\/3\\\/2018\\\/05\\\/anthroposophische-medizin-1.jpg\",\"contentUrl\":\"https:\\\/\\\/www.tirza-kirchner.de\\\/naturheilpraxis\\\/wp-content\\\/uploads\\\/sites\\\/3\\\/2018\\\/05\\\/anthroposophische-medizin-1.jpg\",\"width\":3568,\"height\":2368,\"caption\":\"Leben im Einklang mit der Natur\"},{\"@type\":\"BreadcrumbList\",\"@id\":\"https:\\\/\\\/www.tirza-kirchner.de\\\/naturheilpraxis\\\/anthroposophische-medizin\\\/#breadcrumb\",\"itemListElement\":[{\"@type\":\"ListItem\",\"position\":1,\"name\":\"Startseite\",\"item\":\"https:\\\/\\\/www.tirza-kirchner.de\\\/naturheilpraxis\\\/\"},{\"@type\":\"ListItem\",\"position\":2,\"name\":\"Anthroposophische Medizin\"}]},{\"@type\":\"WebSite\",\"@id\":\"https:\\\/\\\/www.tirza-kirchner.de\\\/naturheilpraxis\\\/#website\",\"url\":\"https:\\\/\\\/www.tirza-kirchner.de\\\/naturheilpraxis\\\/\",\"name\":\"Mensch\",\"description\":\"Eine weitere Tirza Kirchner Website\",\"potentialAction\":[{\"@type\":\"SearchAction\",\"target\":{\"@type\":\"EntryPoint\",\"urlTemplate\":\"https:\\\/\\\/www.tirza-kirchner.de\\\/naturheilpraxis\\\/?s={search_term_string}\"},\"query-input\":{\"@type\":\"PropertyValueSpecification\",\"valueRequired\":true,\"valueName\":\"search_term_string\"}}],\"inLanguage\":\"de\"}]}<\/script>\n<!-- \/ Yoast SEO plugin. -->","yoast_head_json":{"title":"Anthroposophische Medizin - Tirza Kirchner - F\u00fcrth","description":"Die Anthroposophische Medizin geht auf Rudolf Steiner zur\u00fcck. Mit der Natur, den Planeten und Tierkreiskr\u00e4ften im Einklang zu leben, steht dabei im Zentrum.","robots":{"index":"index","follow":"follow","max-snippet":"max-snippet:-1","max-image-preview":"max-image-preview:large","max-video-preview":"max-video-preview:-1"},"canonical":"https:\/\/www.tirza-kirchner.de\/naturheilpraxis\/anthroposophische-medizin\/","og_locale":"de_DE","og_type":"article","og_title":"Anthroposophische Medizin - Tirza Kirchner - F\u00fcrth","og_description":"Die Anthroposophische Medizin geht auf Rudolf Steiner zur\u00fcck. Mit der Natur, den Planeten und Tierkreiskr\u00e4ften im Einklang zu leben, steht dabei im Zentrum.","og_url":"https:\/\/www.tirza-kirchner.de\/naturheilpraxis\/anthroposophische-medizin\/","og_site_name":"Mensch","article_modified_time":"2024-01-10T11:18:16+00:00","og_image":[{"url":"https:\/\/www.tirza-kirchner.de\/naturheilpraxis\/wp-content\/uploads\/sites\/3\/2018\/05\/anthroposophische-medizin-1-300x199.jpg","type":"","width":"","height":""}],"twitter_card":"summary_large_image","twitter_misc":{"Gesch\u00e4tzte Lesezeit":"1\u00a0Minute"},"schema":{"@context":"https:\/\/schema.org","@graph":[{"@type":"WebPage","@id":"https:\/\/www.tirza-kirchner.de\/naturheilpraxis\/anthroposophische-medizin\/","url":"https:\/\/www.tirza-kirchner.de\/naturheilpraxis\/anthroposophische-medizin\/","name":"Anthroposophische Medizin - Tirza Kirchner - F\u00fcrth","isPartOf":{"@id":"https:\/\/www.tirza-kirchner.de\/naturheilpraxis\/#website"},"primaryImageOfPage":{"@id":"https:\/\/www.tirza-kirchner.de\/naturheilpraxis\/anthroposophische-medizin\/#primaryimage"},"image":{"@id":"https:\/\/www.tirza-kirchner.de\/naturheilpraxis\/anthroposophische-medizin\/#primaryimage"},"thumbnailUrl":"https:\/\/www.tirza-kirchner.de\/naturheilpraxis\/wp-content\/uploads\/sites\/3\/2018\/05\/anthroposophische-medizin-1-300x199.jpg","datePublished":"2018-05-16T01:56:09+00:00","dateModified":"2024-01-10T11:18:16+00:00","description":"Die Anthroposophische Medizin geht auf Rudolf Steiner zur\u00fcck. Mit der Natur, den Planeten und Tierkreiskr\u00e4ften im Einklang zu leben, steht dabei im Zentrum.","breadcrumb":{"@id":"https:\/\/www.tirza-kirchner.de\/naturheilpraxis\/anthroposophische-medizin\/#breadcrumb"},"inLanguage":"de","potentialAction":[{"@type":"ReadAction","target":["https:\/\/www.tirza-kirchner.de\/naturheilpraxis\/anthroposophische-medizin\/"]}]},{"@type":"ImageObject","inLanguage":"de","@id":"https:\/\/www.tirza-kirchner.de\/naturheilpraxis\/anthroposophische-medizin\/#primaryimage","url":"https:\/\/www.tirza-kirchner.de\/naturheilpraxis\/wp-content\/uploads\/sites\/3\/2018\/05\/anthroposophische-medizin-1.jpg","contentUrl":"https:\/\/www.tirza-kirchner.de\/naturheilpraxis\/wp-content\/uploads\/sites\/3\/2018\/05\/anthroposophische-medizin-1.jpg","width":3568,"height":2368,"caption":"Leben im Einklang mit der Natur"},{"@type":"BreadcrumbList","@id":"https:\/\/www.tirza-kirchner.de\/naturheilpraxis\/anthroposophische-medizin\/#breadcrumb","itemListElement":[{"@type":"ListItem","position":1,"name":"Startseite","item":"https:\/\/www.tirza-kirchner.de\/naturheilpraxis\/"},{"@type":"ListItem","position":2,"name":"Anthroposophische Medizin"}]},{"@type":"WebSite","@id":"https:\/\/www.tirza-kirchner.de\/naturheilpraxis\/#website","url":"https:\/\/www.tirza-kirchner.de\/naturheilpraxis\/","name":"Mensch","description":"Eine weitere Tirza Kirchner Website","potentialAction":[{"@type":"SearchAction","target":{"@type":"EntryPoint","urlTemplate":"https:\/\/www.tirza-kirchner.de\/naturheilpraxis\/?s={search_term_string}"},"query-input":{"@type":"PropertyValueSpecification","valueRequired":true,"valueName":"search_term_string"}}],"inLanguage":"de"}]}},"_links":{"self":[{"href":"https:\/\/www.tirza-kirchner.de\/naturheilpraxis\/wp-json\/wp\/v2\/pages\/389","targetHints":{"allow":["GET"]}}],"collection":[{"href":"https:\/\/www.tirza-kirchner.de\/naturheilpraxis\/wp-json\/wp\/v2\/pages"}],"about":[{"href":"https:\/\/www.tirza-kirchner.de\/naturheilpraxis\/wp-json\/wp\/v2\/types\/page"}],"author":[{"embeddable":true,"href":"https:\/\/www.tirza-kirchner.de\/naturheilpraxis\/wp-json\/wp\/v2\/users\/1"}],"replies":[{"embeddable":true,"href":"https:\/\/www.tirza-kirchner.de\/naturheilpraxis\/wp-json\/wp\/v2\/comments?post=389"}],"version-history":[{"count":10,"href":"https:\/\/www.tirza-kirchner.de\/naturheilpraxis\/wp-json\/wp\/v2\/pages\/389\/revisions"}],"predecessor-version":[{"id":544,"href":"https:\/\/www.tirza-kirchner.de\/naturheilpraxis\/wp-json\/wp\/v2\/pages\/389\/revisions\/544"}],"wp:attachment":[{"href":"https:\/\/www.tirza-kirchner.de\/naturheilpraxis\/wp-json\/wp\/v2\/media?parent=389"}],"curies":[{"name":"wp","href":"https:\/\/api.w.org\/{rel}","templated":true}]}}