{"id":315,"date":"2018-01-19T14:45:02","date_gmt":"2018-01-19T13:45:02","guid":{"rendered":"https:\/\/www.tirza-kirchner.de\/naturheilpraxis\/?page_id=315"},"modified":"2024-01-10T12:25:08","modified_gmt":"2024-01-10T11:25:08","slug":"astrologieausbildung-und-seminare","status":"publish","type":"page","link":"https:\/\/www.tirza-kirchner.de\/naturheilpraxis\/astrologieausbildung-und-seminare\/","title":{"rendered":"Astrologieausbildung und Seminare"},"content":{"rendered":"<h2>Der Blick in die Sterne<\/h2>\n<figure id=\"attachment_455\" aria-describedby=\"caption-attachment-455\" style=\"width: 193px\" class=\"wp-caption alignright\"><img loading=\"lazy\" decoding=\"async\" class=\"size-medium wp-image-455\" src=\"https:\/\/www.tirza-kirchner.de\/naturheilpraxis\/wp-content\/uploads\/sites\/3\/2018\/01\/merkur-1-203x300.jpg\" alt=\"Astrologieausbildungen\" width=\"203\" height=\"300\" srcset=\"https:\/\/www.tirza-kirchner.de\/naturheilpraxis\/wp-content\/uploads\/sites\/3\/2018\/01\/merkur-1-203x300.jpg 203w, https:\/\/www.tirza-kirchner.de\/naturheilpraxis\/wp-content\/uploads\/sites\/3\/2018\/01\/merkur-1-768x1138.jpg 768w, https:\/\/www.tirza-kirchner.de\/naturheilpraxis\/wp-content\/uploads\/sites\/3\/2018\/01\/merkur-1-691x1024.jpg 691w\" sizes=\"auto, (max-width: 203px) 100vw, 203px\" \/><figcaption id=\"caption-attachment-455\" class=\"wp-caption-text\">Die Astrologie zeigt unsere Verbindung zu den Sternen und Planeten.<\/figcaption><\/figure>\n<p>Sie haben die M\u00f6glichkeit die Astrologie und ihre Deutungsm\u00f6glichkeiten selbst zu erlernen.\u00a0Die Seminare bauen aufeinander auf und erg\u00e4nzen sich, k\u00f6nnen aber auch einzeln besucht werden. Insgesamt behandeln die Seminare der Reihe nach die verschiedenen Aspekte der Astrologie.<\/p>\n<h2>Grundlagen der Astrologie<\/h2>\n<p>Los geht es mit dem Einstieg in die Grundlagen der Astrologie. Wir gehen auf die einzelnen Symbole, die Darstellung und den Aufbau einer Horoskopgrafik ein. Wir betrachten die Tierkreiszeichen, die Planeten und die astrologischen H\u00e4user. Schritt f\u00fcr Schritt wandern wir anhand der Tierkreiszeichen durch das Jahr und vergleichen die jeweils aktuellen Tierkreiszeichen mit dem wie sich die Natur im jeweiligen Monat zeigt. Daraus leiten wir die astrologische Deutung der zugeh\u00f6rigen Talente, Potentiale und Aufgaben f\u00fcr den Menschen, der diese Energie in sich tr\u00e4gt, ab.<\/p>\n<h2>Abendseminare zu den Tierkreiszeichen, Planeten und H\u00e4user<\/h2>\n<p>Einmal im Monat steigen wir ausf\u00fchrlich in das aktuelle Tierkreiszeichen ein. Um die Kr\u00e4fte und Potentiale m\u00f6glichst einfach zu erfassen, besch\u00e4ftigen wir uns zuerst mit den astronomischen Fakten zum zugeh\u00f6rigen Planeten, dann mit der antiken Mythologie rund um den Planetengott. Anschlie\u00dfend sehen wir uns an was gerade in der Natur jahreszeitlich zu beobachten ist. Davon leiten wir die astrologische Bedeutung und Deutung ab. Jeder Teilnehmer erh\u00e4lt seine pers\u00f6nliche Geburtshoroskopgrafik und kann bei jedem Seminarabend auch in die Deutung seines Horoskops einsteigen. In \u00dcbungsrunden vertiefen und erproben wir das Erlernte.<\/p>\n<h2>Weitere astrologische Schwerpunkte<\/h2>\n<p>Nach den 12 Tierkreiszeichen folgen weitere Themen wie Aszendent, Deszendent, Beruf\/Beruf, Schattenthemen bis hin zum Finden der Hauptaussagen und Schwerpunktthemen in einem Geburtshoroskop.<\/p>\n<p>Ein Klick f\u00fchrt Sie zum \u00dcberblick \u00fcber die aktuellen <a href=\"https:\/\/www.tirza-kirchner.de\/aktuelle-termine\/\">Seminar-Angebote<\/a>.<br \/>\nBei individuellen Fragen k\u00f6nnen Sie sich gern direkt an Tirza Kirchner wenden. Entweder telefonisch unter 0911 9238912 oder \u00fcber das\u00a0<a href=\"https:\/\/www.tirza-kirchner.de\/kontakt\/\">Kontaktformular<\/a>.<\/p>\n","protected":false},"excerpt":{"rendered":"<p>Der Blick in die Sterne Sie haben die M\u00f6glichkeit die Astrologie und ihre Deutungsm\u00f6glichkeiten selbst zu erlernen.\u00a0Die Seminare bauen aufeinander auf und erg\u00e4nzen sich, k\u00f6nnen aber auch einzeln besucht werden. Insgesamt behandeln die Seminare der Reihe nach die verschiedenen Aspekte der Astrologie. Grundlagen der Astrologie Los geht es mit dem Einstieg in die Grundlagen der &#8230; <a title=\"Astrologieausbildung und Seminare\" class=\"read-more\" href=\"https:\/\/www.tirza-kirchner.de\/naturheilpraxis\/astrologieausbildung-und-seminare\/\" aria-label=\"Mehr Informationen \u00fcber Astrologieausbildung und Seminare\">Weiterlesen<\/a><\/p>\n","protected":false},"author":1,"featured_media":0,"parent":0,"menu_order":0,"comment_status":"closed","ping_status":"closed","template":"","meta":{"generate_page_header":"","_mc_calendar":[],"footnotes":""},"class_list":["post-315","page","type-page","status-publish"],"yoast_head":"<!-- This site is optimized with the Yoast SEO plugin v27.4 - https:\/\/yoast.com\/product\/yoast-seo-wordpress\/ -->\n<title>Astrologieausbildung und Seminare - Mensch<\/title>\n<meta name=\"robots\" content=\"index, follow, max-snippet:-1, max-image-preview:large, max-video-preview:-1\" \/>\n<link rel=\"canonical\" href=\"https:\/\/www.tirza-kirchner.de\/naturheilpraxis\/astrologieausbildung-und-seminare\/\" \/>\n<meta property=\"og:locale\" content=\"de_DE\" \/>\n<meta property=\"og:type\" content=\"article\" \/>\n<meta property=\"og:title\" content=\"Astrologieausbildung und Seminare - Mensch\" \/>\n<meta property=\"og:description\" content=\"Der Blick in die Sterne Sie haben die M\u00f6glichkeit die Astrologie und ihre Deutungsm\u00f6glichkeiten selbst zu erlernen.\u00a0Die Seminare bauen aufeinander auf und erg\u00e4nzen sich, k\u00f6nnen aber auch einzeln besucht werden. Insgesamt behandeln die Seminare der Reihe nach die verschiedenen Aspekte der Astrologie. Grundlagen der Astrologie Los geht es mit dem Einstieg in die Grundlagen der ... Weiterlesen\" \/>\n<meta property=\"og:url\" content=\"https:\/\/www.tirza-kirchner.de\/naturheilpraxis\/astrologieausbildung-und-seminare\/\" \/>\n<meta property=\"og:site_name\" content=\"Mensch\" \/>\n<meta property=\"article:modified_time\" content=\"2024-01-10T11:25:08+00:00\" \/>\n<meta property=\"og:image\" content=\"https:\/\/www.tirza-kirchner.de\/naturheilpraxis\/wp-content\/uploads\/sites\/3\/2018\/01\/merkur-1-203x300.jpg\" \/>\n<meta name=\"twitter:card\" content=\"summary_large_image\" \/>\n<meta name=\"twitter:label1\" content=\"Gesch\u00e4tzte Lesezeit\" \/>\n\t<meta name=\"twitter:data1\" content=\"2\u00a0Minuten\" \/>\n<script type=\"application\/ld+json\" class=\"yoast-schema-graph\">{\"@context\":\"https:\\\/\\\/schema.org\",\"@graph\":[{\"@type\":\"WebPage\",\"@id\":\"https:\\\/\\\/www.tirza-kirchner.de\\\/naturheilpraxis\\\/astrologieausbildung-und-seminare\\\/\",\"url\":\"https:\\\/\\\/www.tirza-kirchner.de\\\/naturheilpraxis\\\/astrologieausbildung-und-seminare\\\/\",\"name\":\"Astrologieausbildung und Seminare - Mensch\",\"isPartOf\":{\"@id\":\"https:\\\/\\\/www.tirza-kirchner.de\\\/naturheilpraxis\\\/#website\"},\"primaryImageOfPage\":{\"@id\":\"https:\\\/\\\/www.tirza-kirchner.de\\\/naturheilpraxis\\\/astrologieausbildung-und-seminare\\\/#primaryimage\"},\"image\":{\"@id\":\"https:\\\/\\\/www.tirza-kirchner.de\\\/naturheilpraxis\\\/astrologieausbildung-und-seminare\\\/#primaryimage\"},\"thumbnailUrl\":\"https:\\\/\\\/www.tirza-kirchner.de\\\/naturheilpraxis\\\/wp-content\\\/uploads\\\/sites\\\/3\\\/2018\\\/01\\\/merkur-1-203x300.jpg\",\"datePublished\":\"2018-01-19T13:45:02+00:00\",\"dateModified\":\"2024-01-10T11:25:08+00:00\",\"breadcrumb\":{\"@id\":\"https:\\\/\\\/www.tirza-kirchner.de\\\/naturheilpraxis\\\/astrologieausbildung-und-seminare\\\/#breadcrumb\"},\"inLanguage\":\"de\",\"potentialAction\":[{\"@type\":\"ReadAction\",\"target\":[\"https:\\\/\\\/www.tirza-kirchner.de\\\/naturheilpraxis\\\/astrologieausbildung-und-seminare\\\/\"]}]},{\"@type\":\"ImageObject\",\"inLanguage\":\"de\",\"@id\":\"https:\\\/\\\/www.tirza-kirchner.de\\\/naturheilpraxis\\\/astrologieausbildung-und-seminare\\\/#primaryimage\",\"url\":\"https:\\\/\\\/www.tirza-kirchner.de\\\/naturheilpraxis\\\/wp-content\\\/uploads\\\/sites\\\/3\\\/2018\\\/01\\\/merkur-1.jpg\",\"contentUrl\":\"https:\\\/\\\/www.tirza-kirchner.de\\\/naturheilpraxis\\\/wp-content\\\/uploads\\\/sites\\\/3\\\/2018\\\/01\\\/merkur-1.jpg\",\"width\":2339,\"height\":3465,\"caption\":\"Die Astrologie zeigt unsere Verbindung zu den Sternen und Planeten.\"},{\"@type\":\"BreadcrumbList\",\"@id\":\"https:\\\/\\\/www.tirza-kirchner.de\\\/naturheilpraxis\\\/astrologieausbildung-und-seminare\\\/#breadcrumb\",\"itemListElement\":[{\"@type\":\"ListItem\",\"position\":1,\"name\":\"Startseite\",\"item\":\"https:\\\/\\\/www.tirza-kirchner.de\\\/naturheilpraxis\\\/\"},{\"@type\":\"ListItem\",\"position\":2,\"name\":\"Astrologieausbildung und Seminare\"}]},{\"@type\":\"WebSite\",\"@id\":\"https:\\\/\\\/www.tirza-kirchner.de\\\/naturheilpraxis\\\/#website\",\"url\":\"https:\\\/\\\/www.tirza-kirchner.de\\\/naturheilpraxis\\\/\",\"name\":\"Mensch\",\"description\":\"Eine weitere Tirza Kirchner Website\",\"potentialAction\":[{\"@type\":\"SearchAction\",\"target\":{\"@type\":\"EntryPoint\",\"urlTemplate\":\"https:\\\/\\\/www.tirza-kirchner.de\\\/naturheilpraxis\\\/?s={search_term_string}\"},\"query-input\":{\"@type\":\"PropertyValueSpecification\",\"valueRequired\":true,\"valueName\":\"search_term_string\"}}],\"inLanguage\":\"de\"}]}<\/script>\n<!-- \/ Yoast SEO plugin. -->","yoast_head_json":{"title":"Astrologieausbildung und Seminare - Mensch","robots":{"index":"index","follow":"follow","max-snippet":"max-snippet:-1","max-image-preview":"max-image-preview:large","max-video-preview":"max-video-preview:-1"},"canonical":"https:\/\/www.tirza-kirchner.de\/naturheilpraxis\/astrologieausbildung-und-seminare\/","og_locale":"de_DE","og_type":"article","og_title":"Astrologieausbildung und Seminare - Mensch","og_description":"Der Blick in die Sterne Sie haben die M\u00f6glichkeit die Astrologie und ihre Deutungsm\u00f6glichkeiten selbst zu erlernen.\u00a0Die Seminare bauen aufeinander auf und erg\u00e4nzen sich, k\u00f6nnen aber auch einzeln besucht werden. Insgesamt behandeln die Seminare der Reihe nach die verschiedenen Aspekte der Astrologie. Grundlagen der Astrologie Los geht es mit dem Einstieg in die Grundlagen der ... Weiterlesen","og_url":"https:\/\/www.tirza-kirchner.de\/naturheilpraxis\/astrologieausbildung-und-seminare\/","og_site_name":"Mensch","article_modified_time":"2024-01-10T11:25:08+00:00","og_image":[{"url":"https:\/\/www.tirza-kirchner.de\/naturheilpraxis\/wp-content\/uploads\/sites\/3\/2018\/01\/merkur-1-203x300.jpg","type":"","width":"","height":""}],"twitter_card":"summary_large_image","twitter_misc":{"Gesch\u00e4tzte Lesezeit":"2\u00a0Minuten"},"schema":{"@context":"https:\/\/schema.org","@graph":[{"@type":"WebPage","@id":"https:\/\/www.tirza-kirchner.de\/naturheilpraxis\/astrologieausbildung-und-seminare\/","url":"https:\/\/www.tirza-kirchner.de\/naturheilpraxis\/astrologieausbildung-und-seminare\/","name":"Astrologieausbildung und Seminare - Mensch","isPartOf":{"@id":"https:\/\/www.tirza-kirchner.de\/naturheilpraxis\/#website"},"primaryImageOfPage":{"@id":"https:\/\/www.tirza-kirchner.de\/naturheilpraxis\/astrologieausbildung-und-seminare\/#primaryimage"},"image":{"@id":"https:\/\/www.tirza-kirchner.de\/naturheilpraxis\/astrologieausbildung-und-seminare\/#primaryimage"},"thumbnailUrl":"https:\/\/www.tirza-kirchner.de\/naturheilpraxis\/wp-content\/uploads\/sites\/3\/2018\/01\/merkur-1-203x300.jpg","datePublished":"2018-01-19T13:45:02+00:00","dateModified":"2024-01-10T11:25:08+00:00","breadcrumb":{"@id":"https:\/\/www.tirza-kirchner.de\/naturheilpraxis\/astrologieausbildung-und-seminare\/#breadcrumb"},"inLanguage":"de","potentialAction":[{"@type":"ReadAction","target":["https:\/\/www.tirza-kirchner.de\/naturheilpraxis\/astrologieausbildung-und-seminare\/"]}]},{"@type":"ImageObject","inLanguage":"de","@id":"https:\/\/www.tirza-kirchner.de\/naturheilpraxis\/astrologieausbildung-und-seminare\/#primaryimage","url":"https:\/\/www.tirza-kirchner.de\/naturheilpraxis\/wp-content\/uploads\/sites\/3\/2018\/01\/merkur-1.jpg","contentUrl":"https:\/\/www.tirza-kirchner.de\/naturheilpraxis\/wp-content\/uploads\/sites\/3\/2018\/01\/merkur-1.jpg","width":2339,"height":3465,"caption":"Die Astrologie zeigt unsere Verbindung zu den Sternen und Planeten."},{"@type":"BreadcrumbList","@id":"https:\/\/www.tirza-kirchner.de\/naturheilpraxis\/astrologieausbildung-und-seminare\/#breadcrumb","itemListElement":[{"@type":"ListItem","position":1,"name":"Startseite","item":"https:\/\/www.tirza-kirchner.de\/naturheilpraxis\/"},{"@type":"ListItem","position":2,"name":"Astrologieausbildung und Seminare"}]},{"@type":"WebSite","@id":"https:\/\/www.tirza-kirchner.de\/naturheilpraxis\/#website","url":"https:\/\/www.tirza-kirchner.de\/naturheilpraxis\/","name":"Mensch","description":"Eine weitere Tirza Kirchner Website","potentialAction":[{"@type":"SearchAction","target":{"@type":"EntryPoint","urlTemplate":"https:\/\/www.tirza-kirchner.de\/naturheilpraxis\/?s={search_term_string}"},"query-input":{"@type":"PropertyValueSpecification","valueRequired":true,"valueName":"search_term_string"}}],"inLanguage":"de"}]}},"_links":{"self":[{"href":"https:\/\/www.tirza-kirchner.de\/naturheilpraxis\/wp-json\/wp\/v2\/pages\/315","targetHints":{"allow":["GET"]}}],"collection":[{"href":"https:\/\/www.tirza-kirchner.de\/naturheilpraxis\/wp-json\/wp\/v2\/pages"}],"about":[{"href":"https:\/\/www.tirza-kirchner.de\/naturheilpraxis\/wp-json\/wp\/v2\/types\/page"}],"author":[{"embeddable":true,"href":"https:\/\/www.tirza-kirchner.de\/naturheilpraxis\/wp-json\/wp\/v2\/users\/1"}],"replies":[{"embeddable":true,"href":"https:\/\/www.tirza-kirchner.de\/naturheilpraxis\/wp-json\/wp\/v2\/comments?post=315"}],"version-history":[{"count":11,"href":"https:\/\/www.tirza-kirchner.de\/naturheilpraxis\/wp-json\/wp\/v2\/pages\/315\/revisions"}],"predecessor-version":[{"id":552,"href":"https:\/\/www.tirza-kirchner.de\/naturheilpraxis\/wp-json\/wp\/v2\/pages\/315\/revisions\/552"}],"wp:attachment":[{"href":"https:\/\/www.tirza-kirchner.de\/naturheilpraxis\/wp-json\/wp\/v2\/media?parent=315"}],"curies":[{"name":"wp","href":"https:\/\/api.w.org\/{rel}","templated":true}]}}